e
Is 9639811 composite?
False
Is 28778377 a composite number?
True
Is 264697 prime?
True
Is 57358181 a composite number?
False
Is 155494037 composite?
True
Is 44912431 prime?
False
Is 265921 prime?
True
Is 3596521 a composite number?
False
Is 2713393 prime?
False
Is 2534741 composite?
True
Is 7419407 composite?
False
Is 40438469 prime?
True
Is 1554521 prime?
True
Is 4894873 a prime number?
False
Is 39141107 a composite number?
False
Is 73562917 composite?
False
Is 2220691 composite?
True
Is 10635841 composite?
True
Is 103939229 composite?
False
Is 2730043 a prime number?
False
Is 15892139 a composite number?
False
Is 11843621 composite?
False
Is 687294667 a prime number?
True
Is 3735161 a composite number?
False
Is 7769569 a prime number?
True
Is 836011 a prime number?
False
Is 1169063 a prime number?
False
Is 14383147 a prime number?
True
Is 86692661 prime?
False
Is 579673 prime?
True
Is 48667207 a prime number?
True
Is 280052119 composite?
True
Is 4869511 a composite number?
True
Is 602422 composite?
True
Is 1151807 prime?
True
Is 208789729 a composite number?
True
Is 1266667 prime?
False
Is 3836797 prime?
False
Is 95534077 composite?
True
Is 15872954 a composite number?
True
Is 1660357 a prime number?
True
Is 3332701 prime?
False
Is 4794851 composite?
True
Is 7653493 a composite number?
True
Is 2808847 a prime number?
True
Is 9329783 a composite number?
False
Is 13021409 prime?
False
Is 6884938 composite?
True
Is 345734 a prime number?
False
Is 2942437 a composite number?
True
Is 5333311 a prime number?
True
Is 21165009 a composite number?
True
Is 3580831 prime?
True
Is 11655751 a prime number?
True
Is 1017300581 prime?
False
Is 16216273 a composite number?
True
Is 7842941 a composite number?
True
Is 480834829 prime?
False
Is 2271149 prime?
False
Is 5147419 a composite number?
False
Is 18069613 a prime number?
True
Is 136945303 a prime number?
False
Is 133712353 a composite number?
False
Is 127928607 a composite number?
True
Is 147418759 a prime number?
True
Is 29840842 a composite number?
True
Is 1004429 composite?
False
Is 137895761 a composite number?
False
Is 959417 a composite number?
True
Is 5977199 prime?
True
Is 25626223 composite?
True
Is 8066291 composite?
False
Is 12008391 composite?
True
Is 19145579 prime?
True
Is 570373 a prime number?
True
Is 25664083 a prime number?
True
Is 935992807 a prime number?
True
Is 9447793 composite?
True
Is 15823891 a composite number?
False
Is 1852879 a composite number?
True
Is 76228181 composite?
True
Is 11712097 a composite number?
False
Is 6004415 composite?
True
Is 2118157 a prime number?
False
Is 6817015 a prime number?
False
Is 5908043 a composite number?
False
Is 704393 a composite number?
False
Is 168025051 prime?
False
Is 46993 prime?
True
Is 5913091 composite?
True
Is 14333179 a prime number?
False
Is 18114647 a prime number?
False
Is 1468057 composite?
True
Is 26275061 a prime number?
False
Is 35394517 composite?
False
Is 15522043 a composite number?
False
Is 40050361 composite?
True
Is 12499867 a prime number?
True
Is 22530569 prime?
True
Is 299697019 a composite number?
True
Is 27740837 a composite number?
True
Is 2762729 a composite number?
True
Is 3317933 composite?
False
Is 257009 a prime number?
False
Is 6013453 a composite number?
False
Is 42965233 a composite number?
False
Is 287217233 a composite number?
False
Is 7107019 a prime number?
False
Is 382853827 a prime number?
True
Is 13375261 prime?
False
Is 5635493 a prime number?
True
Is 491819 a composite number?
False
Is 1486117 a prime number?
True
Is 935059 prime?
True
Is 32939471 a prime number?
True
Is 11809597 composite?
False
Is 342615041 a composite number?
False
Is 8890774 prime?
False
Is 209690891 prime?
False
Is 1069705607 composite?
False
Is 1077151577 a prime number?
True
Is 214751 a prime number?
False
Is 71108867 a prime number?
True
Is 175806599 a prime number?
True
Is 18286009 a composite number?
True
Is 17309681 a composite number?
False
Is 14003617 a prime number?
False
Is 61065517 composite?
False
Is 158731 composite?
False
Is 7747867 composite?
False
Is 3376453 a composite number?
False
Is 582714767 a prime number?
True
Is 12800807 composite?
True
Is 20691371 a composite number?
False
Is 14385479 a composite number?
True
Is 2629318 a composite number?
True
Is 137444819 a prime number?
True
Is 22488539 a prime number?
True
Is 12561517 a prime number?
False
Is 79859017 prime?
False
Is 27176089 prime?
True
Is 2995397 a composite number?
False
Is 414455263 prime?
True
Is 545595313 a prime number?
False
Is 1004197 a composite number?
True
Is 17374627 composite?
False
Is 114971819 composite?
False
Is 21519157 prime?
False
Is 2320807 a composite number?
False
Is 462599317 a composite number?
True
Is 80883067 a composite number?
False
Is 27681947 prime?
True
Is 9116461 a prime number?
True
Is 26150491 a composite number?
False
Is 408479377 composite?
True
Is 25989181 a prime number?
True
Is 40438 prime?
False
Is 13037663 a prime number?
True
Is 13485001 composite?
True
Is 4580566 composite?
True
Is 34547246 a composite number?
True
Is 2777563 prime?
False
Is 2897966 prime?
False
Is 795749213 a prime number?
False
Is 19577323 composite?
False
Is 45168523 composite?
False
Is 1112183 composite?
True
Is 1412987 prime?
False
Is 231594303 a composite number?
True
Is 143225114 prime?
False
Is 7347183 composite?
True
Is 14276723 a prime number?
True
Is 83507 prime?
False
Is 5436557 prime?
False
Is 22494347 composite?
True
Is 417917399 prime?
True
Is 12348923 a prime number?
True
Is 4640329 composite?
False
Is 73387033 a prime number?
False
Is 9109547 composite?
False
Is 897553 prime?
True
Is 4329161 a composite number?
True
Is 1559659 a composite number?
True
Is 33379337 prime?
True
Is 85751051 a composite number?
True
Is 524939659 composite?
True
Is 480847 a prime number?
False
Is 31420517 composite?
False
Is 11034271 a composite number?
False
Is 1931497 composite?
False
Is 21411763 composite?
False
Is 2248223 composite?
False
Is 609740342 a prime number?
False
Is 662533 a prime number?
False
Is 214732051 composite?
True
Is 163307 a prime number?
True
Is 12323 a prime number?
True
Is 83206771 a composite number?
True
Is 21372977 a prime number?
True
Is 26832781 composite?
False
Is 372971 a composite number?
False
Is 3696443 a composite number?
True
Is 318123487 a prime number?
False
Is 17899109 composite?
True
Is 11148373 a composite number?
True
Is 150108899 composite?
True
Is 78607181 prime?
True
Is 47159859 a prime number?
False
Is 531322919 prime?
False
Is 4811167 composite?
False
Is 4014221 a composite number?
True
Is 6463139 prime?
True
Is 227539474 a composite number?
True
Is 164813 prime?
False
Is 33902227 a prime number?
True
Is 41205349 composite?
True
Is 2502463 composite?
False
Is 173827741 composite?
True
Is 740461 composite?
False
Is 35279 composite?
False
Is 95429497 prime?
False
Is 58788973 a prime number?
False
Is 13788857 a prime number?
False
Is 44394913 prime?
True
Is 1162337 a prime number?
False
Is 54274579 prime?
True
Is 7852727 composite?
False
Is 1365821 prime?
True
Is 357587 a prime number?
True
Is 214325849 a prime number?
True
Is 9429523 a composite number?
False
Is 3247759 a prime number?
True
Is 71641289 composite?
True
Is 98055227 a prime number?
False
Is 1239179 a prime number?
True
Is 1954727 prime?
False
Is 3387459 composite?
True
Is 13956311 prime?
True
Is 24565189 a composite number?
True
Is 1140793 a prime number?
False
Is 20913229 composite?
False
Is 9131306 a prime number?
False
Is 1448593 a composite number?
False
Is 2040709 a composite number?
True
Is 19894837 composite?
False
Is 55749 composite?
True
Is 9833669 composite?
True
Is 4771813 a prime number?
True
Is 42868751 prime?
False
Is 39848273 prime?
True
Is 413799 a prime number?
False
Is 5780087 prime?
True
Is 109571263 a prime number?
True
Is 207101593 a prime number?
False
Is 48502609 composite?
False
Is 119766463 a prime number?
False
Is 49399279 a prime number?
False
Is 4181335 a composite number?
True
Is 86562851 a prime number?
True
Is 105002033 a composite number?
False
Is 2358857 a composite number?
True
Is 2065523 composite?
False
Is 245437519 prime?
True
Is 18986857 a prime number?
True
Is 728179 prime?
False
Is 11